{"id":3850,"date":"2022-04-27T07:16:03","date_gmt":"2022-04-27T07:16:03","guid":{"rendered":"https:\/\/www.gsccanarias.com\/gsc\/?page_id=3850"},"modified":"2026-04-23T07:17:30","modified_gmt":"2026-04-23T07:17:30","slug":"canal-de-comunicaciones","status":"publish","type":"page","link":"https:\/\/www.gsccanarias.com\/gsc\/canal-de-comunicaciones\/","title":{"rendered":"Canal de comunicaciones"},"content":{"rendered":"<p>[vc_row css_animation=\u00bb\u00bb row_type=\u00bbrow\u00bb use_row_as_full_screen_section=\u00bbno\u00bb type=\u00bbfull_width\u00bb angled_section=\u00bbno\u00bb text_align=\u00bbleft\u00bb background_image_as_pattern=\u00bbwithout_pattern\u00bb][vc_column width=\u00bb1\/12&#8243; css=\u00bb.vc_custom_1650975014213{background-position: center !important;background-repeat: no-repeat !important;background-size: cover !important;}\u00bb offset=\u00bbvc_hidden-xs\u00bb][\/vc_column][vc_column width=\u00bb5\/6&#8243; offset=\u00bbvc_col-lg-10&#8243;][vc_empty_space height=\u00bb100px\u00bb][vc_row_inner row_type=\u00bbrow\u00bb type=\u00bbfull_width\u00bb text_align=\u00bbleft\u00bb css_animation=\u00bb\u00bb][vc_column_inner][vc_column_text]<\/p>\n<h1>C\u00f3digo de Conducta (Canal de Comunicaci\u00f3n)<\/h1>\n<p>[\/vc_column_text][\/vc_column_inner][\/vc_row_inner][vc_row_inner row_type=\u00bbrow\u00bb type=\u00bbfull_width\u00bb text_align=\u00bbleft\u00bb css_animation=\u00bb\u00bb][vc_column_inner el_class=\u00bbcanalComunicacion\u00bb][vc_empty_space height=\u00bb30px\u00bb][vc_column_text]En Mayo de 2017 fue aprobado por el Consejo de Administraci\u00f3n de GSC el C\u00f3digo de Conducta, el cual expone el conjunto de normas y principios generales de gobierno corporativo y de conducta profesional que resultan de aplicaci\u00f3n a todos los profesionales de GSC y que resultan v\u00e1lidos para establecer los par\u00e1metros orientadores de la cultura corporativa de nuestra organizaci\u00f3n.<\/p>\n<p>GSC aspira a mantener una relaci\u00f3n de confianza en los \u00e1mbitos en los que desarrolla su actividad con todos los agentes sociales y econ\u00f3micos con los que se relaciona, esto es, con aquellas categor\u00edas de grupos, instituciones o personas cuya aportaci\u00f3n es necesaria para hacer realidad la misi\u00f3n de GSC.<\/p>\n<p>En particular, y entre cualesquiera principios y valores corporativos de GSC, el presente C\u00f3digo est\u00e1 construido por los siguientes pilares fundamentales:<\/p>\n<ul>\n<li>Los principios estructurales \u00e9ticos, que deber\u00e1n regir cualquier comportamiento o actuaci\u00f3n empresarial de GSC, con car\u00e1cter general, respecto a todos los agentes econ\u00f3micos y sociales en los que se pretende generar confianza.<\/li>\n<li>Los criterios de comportamiento de los profesionales de GSC, con car\u00e1cter particular, respecto a cada uno de los tipos de agentes econ\u00f3micos y sociales con los que se relaciona en el marco de su actividad empresarial, esto es, accionistas, usuarios, proveedores, trabajadores, agentes sociales y organismos p\u00fablicos.<\/li>\n<li>Los mecanismos de implementaci\u00f3n a los efectos de establecer sistemas de control para el cumplimiento y desarrollo corporativo del C\u00f3digo de Conducta y de la totalidad de los principios estructurales \u00e9ticos y criterios de comportamiento en \u00e9l contenidos.<\/li>\n<\/ul>\n<p>GSC se ocupa de establecer, para cada parte implicada, unos canales de denuncias a trav\u00e9s de los cuales remitir las comunicaciones oportunas. Dichos canales velar\u00e1n por la confidencialidad en el tratamiento de la informaci\u00f3n aportada en cada caso.<\/p>\n<p>Mediante este formulario y de manera completamente an\u00f3nima cualquier Persona, Grupo o Instituci\u00f3n forme parte de GSC o no, puede hacer llegar al Comit\u00e9 de Cumplimiento cualquier informaci\u00f3n que considere de inter\u00e9s para su valoraci\u00f3n por el mismo. Este Comit\u00e9 tiene entre otras funciones:<\/p>\n<ul>\n<li>Comprobar la aplicaci\u00f3n del C\u00f3digo de Conducta, a trav\u00e9s de actividades espec\u00edficas dirigidas a controlar la mejora continua de la conducta en el \u00e1mbito GSC, mediante la evaluaci\u00f3n de los procesos de control de los riesgos de conducta.<\/li>\n<li>Revisar las iniciativas para la difusi\u00f3n del conocimiento y la comprensi\u00f3n del C\u00f3digo de Conducta.<\/li>\n<li>Recibir y analizar los avisos de violaci\u00f3n del C\u00f3digo de Conducta.<\/li>\n<li>Tomar decisiones con respecto a violaciones del C\u00f3digo de Conducta de relevancia significativa, proponiendo en su caso la imposici\u00f3n de sanciones y la adopci\u00f3n de medidas disciplinarias.<\/li>\n<\/ul>\n<p>[\/vc_column_text][vc_empty_space height=\u00bb30px\u00bb][\/vc_column_inner][\/vc_row_inner][vc_row_inner row_type=\u00bbrow\u00bb type=\u00bbfull_width\u00bb text_align=\u00bbleft\u00bb css_animation=\u00bb\u00bb][vc_column_inner width=\u00bb1\/2&#8243;][vc_column_text]Para acceder al cuestionario de informaci\u00f3n dirigido<br \/>\nal comit\u00e9 de cumplimiento pulse aqu\u00ed:[\/vc_column_text][\/vc_column_inner][vc_column_inner el_class=\u00bbcentrado\u00bb width=\u00bb1\/2&#8243;][vc_empty_space height=\u00bb22px\u00bb]<a  itemprop=\"url\" href=\"https:\/\/www.gsccanarias.com\/gsc\/formulario-canal-de-comunicaciones\/\" target=\"_self\" data-hover-background-color='#ffffff' data-hover-border-color='#1c4f86' data-hover-color='#1c4f86' class=\"qbutton  default\" style=\"color: #ffffff; border-color: #1c4f86; background-color: #1c4f86;\">Acceso al formulario<\/a>[\/vc_column_inner][\/vc_row_inner][vc_empty_space height=\u00bb100px\u00bb][\/vc_column][vc_column width=\u00bb1\/12&#8243; offset=\u00bbvc_hidden-md vc_hidden-sm vc_hidden-xs\u00bb][\/vc_column][\/vc_row]<\/p>\n<div class=\"print\"><span class=\"page_title\">P\u00e1gina: <span>Canal de comunicaciones<\/span><\/span>\n\t\t\t\t\t\t\t\t\t\t\t<span class=\"page_title\">Fecha de impresi\u00f3n: <span>06\/05\/2026 - 16:18:27 UTC<\/span><\/span>\n\t\t\t\t\t\t\t\t\t\t\t<span class=\"stmp_trans_date\">\u00daltima actualizaci\u00f3n: <span>23\/04\/2026 - 07:17:30<\/span><\/span>\n\t\t\t\t\t\t\t\t\t\t\t<span class=\"stmp_trans_date\">Fecha publicaci\u00f3n: <span>27\/04\/2022 - 07:16:03<\/span><\/span>\n\t\t\t\t\t\t\t\t\t\t\t<span class=\"stmp_trans_date\">Fecha creaci\u00f3n: <span>27\/04\/2022 - 07:16:03<\/span><\/span><\/div>\n\t","protected":false},"excerpt":{"rendered":"<p>[vc_row css_animation=\u00bb\u00bb row_type=\u00bbrow\u00bb use_row_as_full_screen_section=\u00bbno\u00bb type=\u00bbfull_width\u00bb angled_section=\u00bbno\u00bb text_align=\u00bbleft\u00bb background_image_as_pattern=\u00bbwithout_pattern\u00bb][vc_column width=\u00bb1\/12&#8243; css=\u00bb.vc_custom_1650975014213{background-position: center !important;background-repeat: no-repeat !important;background-size: cover !important;}\u00bb offset=\u00bbvc_hidden-xs\u00bb][\/vc_column][vc_column width=\u00bb5\/6&#8243; offset=\u00bbvc_col-lg-10&#8243;][vc_empty_space height=\u00bb100px\u00bb][vc_row_inner row_type=\u00bbrow\u00bb type=\u00bbfull_width\u00bb text_align=\u00bbleft\u00bb css_animation=\u00bb\u00bb][vc_column_inner][vc_column_text] C\u00f3digo de Conducta (Canal de Comunicaci\u00f3n) [\/vc_column_text][\/vc_column_inner][\/vc_row_inner][vc_row_inner row_type=\u00bbrow\u00bb type=\u00bbfull_width\u00bb text_align=\u00bbleft\u00bb css_animation=\u00bb\u00bb][vc_column_inner el_class=\u00bbcanalComunicacion\u00bb][vc_empty_space height=\u00bb30px\u00bb][vc_column_text]En Mayo de 2017 fue aprobado por el Consejo&#8230;<\/p>\n","protected":false},"author":1,"featured_media":0,"parent":0,"menu_order":0,"comment_status":"closed","ping_status":"closed","template":"","meta":{"footnotes":""},"class_list":["post-3850","page","type-page","status-publish","has-post-thumbnail","hentry"],"a3_pvc":{"activated":false,"total_views":0,"today_views":0},"yoast_head":"<!-- This site is optimized with the Yoast SEO plugin v27.5 - https:\/\/yoast.com\/product\/yoast-seo-wordpress\/ -->\n<title>Canal de comunicaciones - GSC<\/title>\n<meta name=\"robots\" content=\"index, follow, max-snippet:-1, max-image-preview:large, max-video-preview:-1\" \/>\n<link rel=\"canonical\" href=\"https:\/\/www.gsccanarias.com\/gsc\/canal-de-comunicaciones\/\" \/>\n<meta property=\"og:locale\" content=\"es_ES\" \/>\n<meta property=\"og:type\" content=\"article\" \/>\n<meta property=\"og:title\" content=\"Canal de comunicaciones - GSC\" \/>\n<meta property=\"og:description\" content=\"[vc_row css_animation=\u00bb\u00bb row_type=\u00bbrow\u00bb use_row_as_full_screen_section=\u00bbno\u00bb type=\u00bbfull_width\u00bb angled_section=\u00bbno\u00bb text_align=\u00bbleft\u00bb background_image_as_pattern=\u00bbwithout_pattern\u00bb][vc_column width=\u00bb1\/12&#8243; css=\u00bb.vc_custom_1650975014213{background-position: center !important;background-repeat: no-repeat !important;background-size: cover !important;}\u00bb offset=\u00bbvc_hidden-xs\u00bb][\/vc_column][vc_column width=\u00bb5\/6&#8243; offset=\u00bbvc_col-lg-10&#8243;][vc_empty_space height=\u00bb100px\u00bb][vc_row_inner row_type=\u00bbrow\u00bb type=\u00bbfull_width\u00bb text_align=\u00bbleft\u00bb css_animation=\u00bb\u00bb][vc_column_inner][vc_column_text] C\u00f3digo de Conducta (Canal de Comunicaci\u00f3n) [\/vc_column_text][\/vc_column_inner][\/vc_row_inner][vc_row_inner row_type=\u00bbrow\u00bb type=\u00bbfull_width\u00bb text_align=\u00bbleft\u00bb css_animation=\u00bb\u00bb][vc_column_inner el_class=\u00bbcanalComunicacion\u00bb][vc_empty_space height=\u00bb30px\u00bb][vc_column_text]En Mayo de 2017 fue aprobado por el Consejo...\" \/>\n<meta property=\"og:url\" content=\"https:\/\/www.gsccanarias.com\/gsc\/canal-de-comunicaciones\/\" \/>\n<meta property=\"og:site_name\" content=\"GSC\" \/>\n<meta property=\"article:modified_time\" content=\"2026-04-23T07:17:30+00:00\" \/>\n<meta name=\"twitter:card\" content=\"summary_large_image\" \/>\n<meta name=\"twitter:label1\" content=\"Tiempo de lectura\" \/>\n\t<meta name=\"twitter:data1\" content=\"4 minutos\" \/>\n<script type=\"application\/ld+json\" class=\"yoast-schema-graph\">{\"@context\":\"https:\\\/\\\/schema.org\",\"@graph\":[{\"@type\":\"WebPage\",\"@id\":\"https:\\\/\\\/www.gsccanarias.com\\\/gsc\\\/canal-de-comunicaciones\\\/\",\"url\":\"https:\\\/\\\/www.gsccanarias.com\\\/gsc\\\/canal-de-comunicaciones\\\/\",\"name\":\"Canal de comunicaciones - GSC\",\"isPartOf\":{\"@id\":\"https:\\\/\\\/www.gsccanarias.com\\\/gsc\\\/#website\"},\"datePublished\":\"2022-04-27T07:16:03+00:00\",\"dateModified\":\"2026-04-23T07:17:30+00:00\",\"breadcrumb\":{\"@id\":\"https:\\\/\\\/www.gsccanarias.com\\\/gsc\\\/canal-de-comunicaciones\\\/#breadcrumb\"},\"inLanguage\":\"es\",\"potentialAction\":[{\"@type\":\"ReadAction\",\"target\":[\"https:\\\/\\\/www.gsccanarias.com\\\/gsc\\\/canal-de-comunicaciones\\\/\"]}]},{\"@type\":\"BreadcrumbList\",\"@id\":\"https:\\\/\\\/www.gsccanarias.com\\\/gsc\\\/canal-de-comunicaciones\\\/#breadcrumb\",\"itemListElement\":[{\"@type\":\"ListItem\",\"position\":1,\"name\":\"Portada\",\"item\":\"https:\\\/\\\/www.gsccanarias.com\\\/gsc\\\/\"},{\"@type\":\"ListItem\",\"position\":2,\"name\":\"Canal de comunicaciones\"}]},{\"@type\":\"WebSite\",\"@id\":\"https:\\\/\\\/www.gsccanarias.com\\\/gsc\\\/#website\",\"url\":\"https:\\\/\\\/www.gsccanarias.com\\\/gsc\\\/\",\"name\":\"GSC\",\"description\":\"Administramos servicios relacionados con la salud, las emergencias, la seguridad y el transporte sanitario\",\"potentialAction\":[{\"@type\":\"SearchAction\",\"target\":{\"@type\":\"EntryPoint\",\"urlTemplate\":\"https:\\\/\\\/www.gsccanarias.com\\\/gsc\\\/?s={search_term_string}\"},\"query-input\":{\"@type\":\"PropertyValueSpecification\",\"valueRequired\":true,\"valueName\":\"search_term_string\"}}],\"inLanguage\":\"es\"}]}<\/script>\n<!-- \/ Yoast SEO plugin. -->","yoast_head_json":{"title":"Canal de comunicaciones - GSC","robots":{"index":"index","follow":"follow","max-snippet":"max-snippet:-1","max-image-preview":"max-image-preview:large","max-video-preview":"max-video-preview:-1"},"canonical":"https:\/\/www.gsccanarias.com\/gsc\/canal-de-comunicaciones\/","og_locale":"es_ES","og_type":"article","og_title":"Canal de comunicaciones - GSC","og_description":"[vc_row css_animation=\u00bb\u00bb row_type=\u00bbrow\u00bb use_row_as_full_screen_section=\u00bbno\u00bb type=\u00bbfull_width\u00bb angled_section=\u00bbno\u00bb text_align=\u00bbleft\u00bb background_image_as_pattern=\u00bbwithout_pattern\u00bb][vc_column width=\u00bb1\/12&#8243; css=\u00bb.vc_custom_1650975014213{background-position: center !important;background-repeat: no-repeat !important;background-size: cover !important;}\u00bb offset=\u00bbvc_hidden-xs\u00bb][\/vc_column][vc_column width=\u00bb5\/6&#8243; offset=\u00bbvc_col-lg-10&#8243;][vc_empty_space height=\u00bb100px\u00bb][vc_row_inner row_type=\u00bbrow\u00bb type=\u00bbfull_width\u00bb text_align=\u00bbleft\u00bb css_animation=\u00bb\u00bb][vc_column_inner][vc_column_text] C\u00f3digo de Conducta (Canal de Comunicaci\u00f3n) [\/vc_column_text][\/vc_column_inner][\/vc_row_inner][vc_row_inner row_type=\u00bbrow\u00bb type=\u00bbfull_width\u00bb text_align=\u00bbleft\u00bb css_animation=\u00bb\u00bb][vc_column_inner el_class=\u00bbcanalComunicacion\u00bb][vc_empty_space height=\u00bb30px\u00bb][vc_column_text]En Mayo de 2017 fue aprobado por el Consejo...","og_url":"https:\/\/www.gsccanarias.com\/gsc\/canal-de-comunicaciones\/","og_site_name":"GSC","article_modified_time":"2026-04-23T07:17:30+00:00","twitter_card":"summary_large_image","twitter_misc":{"Tiempo de lectura":"4 minutos"},"schema":{"@context":"https:\/\/schema.org","@graph":[{"@type":"WebPage","@id":"https:\/\/www.gsccanarias.com\/gsc\/canal-de-comunicaciones\/","url":"https:\/\/www.gsccanarias.com\/gsc\/canal-de-comunicaciones\/","name":"Canal de comunicaciones - GSC","isPartOf":{"@id":"https:\/\/www.gsccanarias.com\/gsc\/#website"},"datePublished":"2022-04-27T07:16:03+00:00","dateModified":"2026-04-23T07:17:30+00:00","breadcrumb":{"@id":"https:\/\/www.gsccanarias.com\/gsc\/canal-de-comunicaciones\/#breadcrumb"},"inLanguage":"es","potentialAction":[{"@type":"ReadAction","target":["https:\/\/www.gsccanarias.com\/gsc\/canal-de-comunicaciones\/"]}]},{"@type":"BreadcrumbList","@id":"https:\/\/www.gsccanarias.com\/gsc\/canal-de-comunicaciones\/#breadcrumb","itemListElement":[{"@type":"ListItem","position":1,"name":"Portada","item":"https:\/\/www.gsccanarias.com\/gsc\/"},{"@type":"ListItem","position":2,"name":"Canal de comunicaciones"}]},{"@type":"WebSite","@id":"https:\/\/www.gsccanarias.com\/gsc\/#website","url":"https:\/\/www.gsccanarias.com\/gsc\/","name":"GSC","description":"Administramos servicios relacionados con la salud, las emergencias, la seguridad y el transporte sanitario","potentialAction":[{"@type":"SearchAction","target":{"@type":"EntryPoint","urlTemplate":"https:\/\/www.gsccanarias.com\/gsc\/?s={search_term_string}"},"query-input":{"@type":"PropertyValueSpecification","valueRequired":true,"valueName":"search_term_string"}}],"inLanguage":"es"}]}},"publishpress_future_workflow_manual_trigger":{"enabledWorkflows":[]},"_links":{"self":[{"href":"https:\/\/www.gsccanarias.com\/gsc\/wp-json\/wp\/v2\/pages\/3850","targetHints":{"allow":["GET"]}}],"collection":[{"href":"https:\/\/www.gsccanarias.com\/gsc\/wp-json\/wp\/v2\/pages"}],"about":[{"href":"https:\/\/www.gsccanarias.com\/gsc\/wp-json\/wp\/v2\/types\/page"}],"author":[{"embeddable":true,"href":"https:\/\/www.gsccanarias.com\/gsc\/wp-json\/wp\/v2\/users\/1"}],"replies":[{"embeddable":true,"href":"https:\/\/www.gsccanarias.com\/gsc\/wp-json\/wp\/v2\/comments?post=3850"}],"version-history":[{"count":14,"href":"https:\/\/www.gsccanarias.com\/gsc\/wp-json\/wp\/v2\/pages\/3850\/revisions"}],"predecessor-version":[{"id":3865,"href":"https:\/\/www.gsccanarias.com\/gsc\/wp-json\/wp\/v2\/pages\/3850\/revisions\/3865"}],"wp:attachment":[{"href":"https:\/\/www.gsccanarias.com\/gsc\/wp-json\/wp\/v2\/media?parent=3850"}],"curies":[{"name":"wp","href":"https:\/\/api.w.org\/{rel}","templated":true}]}}