{"id":3841,"date":"2022-04-26T13:09:21","date_gmt":"2022-04-26T13:09:21","guid":{"rendered":"https:\/\/www.gsccanarias.com\/gsc\/?page_id=3841"},"modified":"2026-04-23T07:18:26","modified_gmt":"2026-04-23T07:18:26","slug":"formulario-canal-de-comunicaciones","status":"publish","type":"page","link":"https:\/\/www.gsccanarias.com\/gsc\/formulario-canal-de-comunicaciones\/","title":{"rendered":"Formulario Canal de comunicaciones"},"content":{"rendered":"<p>[vc_row css_animation=\u00bb\u00bb row_type=\u00bbrow\u00bb use_row_as_full_screen_section=\u00bbno\u00bb type=\u00bbfull_width\u00bb angled_section=\u00bbno\u00bb text_align=\u00bbleft\u00bb background_image_as_pattern=\u00bbwithout_pattern\u00bb][vc_column width=\u00bb1\/12&#8243; css=\u00bb.vc_custom_1650975014213{background-position: center !important;background-repeat: no-repeat !important;background-size: cover !important;}\u00bb offset=\u00bbvc_hidden-xs\u00bb][\/vc_column][vc_column width=\u00bb5\/6&#8243; offset=\u00bbvc_col-lg-10&#8243;][vc_empty_space height=\u00bb100px\u00bb][vc_row_inner row_type=\u00bbrow\u00bb type=\u00bbfull_width\u00bb text_align=\u00bbleft\u00bb css_animation=\u00bb\u00bb][vc_column_inner][vc_column_text]<\/p>\n<h1>Canal de comunicaci\u00f3n<\/h1>\n<p>[\/vc_column_text][\/vc_column_inner][\/vc_row_inner][vc_row_inner row_type=\u00bbrow\u00bb type=\u00bbfull_width\u00bb text_align=\u00bbleft\u00bb css_animation=\u00bb\u00bb][vc_column_inner el_class=\u00bbcanalComunicacion\u00bb][vc_empty_space height=\u00bb30px\u00bb][vc_column_text]<strong>GSC &#8211; CANAL DE DENUNCIAS DE COMISI\u00d3N DE ILICITOS PENALES<\/strong><\/p>\n<p><strong>INFORMACI\u00d3N B\u00c1SICA DE PROTECCI\u00d3N DE DATOS<\/strong><\/p>\n<p>Responsable del tratamiento GESTI\u00d3N DE SERVICIOS PARA LA SALUD Y SEGURIDAD EN CANARIAS S.A. &#8211; CIF A35378066 Contacto con el Delegado de Protecci\u00f3n de Datos: gscdpo@gsccanarias.com<br \/>\n<strong>Finalidad:<\/strong> Los datos ser\u00e1n utilizados para la prestaci\u00f3n de los servicios, atender su solicitud y para la remisi\u00f3n de informaci\u00f3n de nuestra entidad si nos ha prestado su consentimiento.<br \/>\n<strong>Legitimaci\u00f3n:<\/strong> Ejecuci\u00f3n de un contrato\/precontrato, obligaci\u00f3n legal y consentimiento del interesado.<br \/>\n<strong>Destinatarios:<\/strong> Organismos obligados por Ley.<br \/>\n<strong>Derechos:<\/strong> Pueden ejercer sus derechos de acceso, rectificaci\u00f3n, supresi\u00f3n y oposici\u00f3n, portabilidad, limitaci\u00f3n y a no ser objeto de decisiones automatizadas o retirar el consentimiento prestado.<br \/>\nSi no quiere recibir informaci\u00f3n de nuestra entidad puede revocar el consentimiento enviando un correo-e a gscprotecciondedatos@gsccanarias.com indicando en el apartado asunto \u00abBaja informaci\u00f3n\u00bb.<br \/>\n<strong>Informaci\u00f3n adicional:<\/strong> Puede consultar la informaci\u00f3n adicional y detallada sobre protecci\u00f3n de datos en cualquiera de nuestras web www.gsccanarias.com , www.112canarias.com o www.succanarias.com o solicitar una copia a: gscprotecciondedatos@gsccanarias.com.<\/p>\n<p>A efectos de dar cumplimiento al contenido del Manual de prevenci\u00f3n de delitos y el C\u00f3digo de Conducta aprobado por la Comisi\u00f3n Ejecutiva del Consejo de Administraci\u00f3n el 21 de julio de 2017<\/p>\n<p><span class=\"auto-style3\">Para m\u00e1s informaci\u00f3n vea la Pol\u00edtica de Privacidad de GSC en: <a href=\"https:\/\/www.gsccanarias.com\/gsc\/politica-de-privacidad\/\">https:\/\/www.gsccanarias.com\/gsc\/politica-de-privacidad\/<\/a><\/span>[\/vc_column_text][vc_empty_space height=\u00bb30px\u00bb]\n<div class=\"wpcf7 no-js\" id=\"wpcf7-f3842-o1\" lang=\"es-ES\" dir=\"ltr\" data-wpcf7-id=\"3842\">\n<div class=\"screen-reader-response\"><p role=\"status\" aria-live=\"polite\" aria-atomic=\"true\"><\/p> <ul><\/ul><\/div>\n<form action=\"\/gsc\/wp-json\/wp\/v2\/pages\/3841#wpcf7-f3842-o1\" method=\"post\" class=\"wpcf7-form init cf7_custom_style_1\" aria-label=\"Formulario de contacto\" enctype=\"multipart\/form-data\" novalidate=\"novalidate\" data-status=\"init\">\n<fieldset class=\"hidden-fields-container\"><input type=\"hidden\" name=\"_wpcf7\" value=\"3842\" \/><input type=\"hidden\" name=\"_wpcf7_version\" value=\"6.1.5\" \/><input type=\"hidden\" name=\"_wpcf7_locale\" value=\"es_ES\" \/><input type=\"hidden\" name=\"_wpcf7_unit_tag\" value=\"wpcf7-f3842-o1\" \/><input type=\"hidden\" name=\"_wpcf7_container_post\" value=\"0\" \/><input type=\"hidden\" name=\"_wpcf7_posted_data_hash\" value=\"\" \/><input type=\"hidden\" name=\"_wpcf7_recaptcha_response\" value=\"\" \/>\n<\/fieldset>\n<p><label> Nombre<br \/>\n<span class=\"wpcf7-form-control-wrap\" data-name=\"nombre\"><input size=\"40\" maxlength=\"400\" class=\"wpcf7-form-control wpcf7-text\" aria-invalid=\"false\" placeholder=\"Introduzca su nombre\" value=\"\" type=\"text\" name=\"nombre\" \/><\/span> <span>(OPCIONAL) - Si lo desea, ind\u00edquenos su nombre completo para poder dirigirnos a usted.<\/span><br \/>\n<\/label>\n<\/p>\n<p><label> Tel\u00e9fono\/s<br \/>\n<span class=\"wpcf7-form-control-wrap\" data-name=\"telefono\"><input size=\"40\" maxlength=\"400\" class=\"wpcf7-form-control wpcf7-text\" aria-invalid=\"false\" placeholder=\"Si lo desea, puede indicarnos sus\/s tel\u00e9fono\/s en los cuales poder localizarle\" value=\"\" type=\"text\" name=\"telefono\" \/><\/span> <span>(OPCIONAL) - Si lo desea y lo autorizara, puede indicarnos su\/s tel\u00e9fono\/s, en el cual poder localizarle.<\/span><br \/>\n<\/label>\n<\/p>\n<p><label> Email<br \/>\n<span class=\"wpcf7-form-control-wrap\" data-name=\"email\"><input size=\"40\" maxlength=\"400\" class=\"wpcf7-form-control wpcf7-email wpcf7-text wpcf7-validates-as-email\" aria-invalid=\"false\" placeholder=\"Por favor, compruebe que la direcci\u00f3n email est\u00e1 correctamente escrita\" value=\"\" type=\"email\" name=\"email\" \/><\/span> <span>(OPCIONAL) - Ind\u00edquenos la direcci\u00f3n de correo electr\u00f3nico a la que poder enviarle una respuesta para ponernos en contacto con usted.<\/span><br \/>\n<\/label>\n<\/p>\n<p><label> Motivo de la denuncia*<br \/>\n<span class=\"wpcf7-form-control-wrap\" data-name=\"motivo\"><input size=\"40\" maxlength=\"400\" class=\"wpcf7-form-control wpcf7-text wpcf7-validates-as-required\" aria-required=\"true\" aria-invalid=\"false\" placeholder=\"Indique el &#039;MOTIVO&#039; o asunto acerca de la denuncia\" value=\"\" type=\"text\" name=\"motivo\" \/><\/span> <span>(OBLIGATORIO) - Indique el MOTIVO o asunto acerca de la denuncia que desea comunicar a GSC.<\/span><br \/>\n<\/label>\n<\/p>\n<p><label> Descripci\u00f3n de la DENUNCIA*<br \/>\n<span class=\"wpcf7-form-control-wrap\" data-name=\"descripcion\"><textarea cols=\"40\" rows=\"10\" maxlength=\"2000\" class=\"wpcf7-form-control wpcf7-textarea wpcf7-validates-as-required\" aria-required=\"true\" aria-invalid=\"false\" placeholder=\"Ind\u00edquenos en este campo todo lo referente a la denuncia\" name=\"descripcion\"><\/textarea><\/span> <span>(OBLIGATORIO) - Escriba cualquier informaci\u00f3n relevante que no haya indicado en ninguno de los campos de datos anteriores y que motiva su comunicaci\u00f3n.<\/span><br \/>\n<\/label>\n<\/p>\n<p><label> Nombre de archivo a subir<br \/>\n<span class=\"wpcf7-form-control-wrap\" data-name=\"nombrearchivo\"><input size=\"40\" maxlength=\"400\" class=\"wpcf7-form-control wpcf7-text\" aria-invalid=\"false\" placeholder=\"Si fuera el caso, Ind\u00edquenos el nombre del archivo que desee subir\" value=\"\" type=\"text\" name=\"nombrearchivo\" \/><\/span> <span>(OPCIONAL) - El motivo de este campo opcional, es el de darnos a conocer en el env\u00edo del email, el nombre del archivo que hubiera seleccionado y subido al repositorio protegido de documentos del formulario de denuncias (Si fuera el caso). Dicho nombre debe de coincidir con el que adjunte en el campo correspondiente.<\/span><br \/>\n<\/label>\n<\/p>\n<p><label> Aportar documentaci\u00f3n<br \/>\n<span class=\"wpcf7-form-control-wrap\" data-name=\"documentacion\"><input size=\"40\" class=\"wpcf7-form-control wpcf7-file\" accept=\"audio\/*,video\/*,image\/*\" aria-invalid=\"false\" type=\"file\" name=\"documentacion\" \/><\/span><br \/>\n<span>(OPCIONAL) - Puede incluir un archivo PDF o un.ZIP \u00fanico con todos los archivos con la informaci\u00f3n que crea necesario aportar hasta un m\u00e1ximo de 8 Megas y de ser as\u00ed, ind\u00edquenos en el campo \"nombre de archivo\" anterior el nombre del archivo que vaya a subir.<\/span><br \/>\n<\/label>\n<\/p>\n<p><label> Acepta<br \/>\n<span class=\"wpcf7-form-control-wrap\" data-name=\"aceptacion\"><span class=\"wpcf7-form-control wpcf7-acceptance optional\"><span class=\"wpcf7-list-item\"><label><input type=\"checkbox\" name=\"aceptacion\" value=\"1\" aria-invalid=\"false\" \/><span class=\"wpcf7-list-item-label\">(OPCIONAL) - Autorizo a que traten mis datos (en caso de haberlos comunicado)<\/span><\/label><\/span><\/span><\/span><br \/>\n<span>Este campo es OPCIONAL (NO OBLIGATORIO). Indique marcando la casilla que acepta el tratamiento de datos expuesto, tras haber le\u00eddo el Aviso legal, la Pol\u00edtica de Privacidad y la Pol\u00edtica de Cookies [entrar desde enlaces inferiores del final de la p\u00e1gina] ( en caso de haberlos comunicado).<\/span><br \/>\n<\/label><br \/>\n<span class=\"wpcf7-form-control-wrap recaptcha\" data-name=\"recaptcha\"><span data-sitekey=\"6Le4EKYUAAAAAARgiV2e21N1n-_BXruQ5po0ymCB\" class=\"wpcf7-form-control wpcf7-recaptcha g-recaptcha\"><\/span>\r\n<noscript>\r\n\t<div class=\"grecaptcha-noscript\">\r\n\t\t<iframe loading=\"lazy\" src=\"https:\/\/www.google.com\/recaptcha\/api\/fallback?k=6Le4EKYUAAAAAARgiV2e21N1n-_BXruQ5po0ymCB\" frameborder=\"0\" scrolling=\"no\" width=\"310\" height=\"430\">\r\n\t\t<\/iframe>\r\n\t\t<textarea name=\"g-recaptcha-response\" rows=\"3\" cols=\"40\" placeholder=\"Aqu\u00ed la respuesta de reCAPTCHA\">\r\n\t\t<\/textarea>\r\n\t<\/div>\r\n<\/noscript>\r\n<\/span>\n<\/p>\n<p><input class=\"wpcf7-form-control wpcf7-submit has-spinner\" type=\"submit\" value=\"Enviar\" \/>\n<\/p><div class=\"wpcf7-response-output\" aria-hidden=\"true\"><\/div>\n<\/form>\n<\/div>\n[\/vc_column_inner][\/vc_row_inner][vc_empty_space height=\u00bb100px\u00bb][\/vc_column][vc_column width=\u00bb1\/12&#8243; offset=\u00bbvc_hidden-md vc_hidden-sm vc_hidden-xs\u00bb][\/vc_column][\/vc_row]<\/p>\n<div class=\"print\"><span class=\"page_title\">P\u00e1gina: <span>Formulario Canal de comunicaciones<\/span><\/span>\n\t\t\t\t\t\t\t\t\t\t\t<span class=\"page_title\">Fecha de impresi\u00f3n: <span>06\/05\/2026 - 17:14:58 UTC<\/span><\/span>\n\t\t\t\t\t\t\t\t\t\t\t<span class=\"stmp_trans_date\">\u00daltima actualizaci\u00f3n: <span>23\/04\/2026 - 07:18:26<\/span><\/span>\n\t\t\t\t\t\t\t\t\t\t\t<span class=\"stmp_trans_date\">Fecha publicaci\u00f3n: <span>26\/04\/2022 - 13:09:21<\/span><\/span>\n\t\t\t\t\t\t\t\t\t\t\t<span class=\"stmp_trans_date\">Fecha creaci\u00f3n: <span>26\/04\/2022 - 13:09:21<\/span><\/span><\/div>\n\t","protected":false},"excerpt":{"rendered":"<p>[vc_row css_animation=\u00bb\u00bb row_type=\u00bbrow\u00bb use_row_as_full_screen_section=\u00bbno\u00bb type=\u00bbfull_width\u00bb angled_section=\u00bbno\u00bb text_align=\u00bbleft\u00bb background_image_as_pattern=\u00bbwithout_pattern\u00bb][vc_column width=\u00bb1\/12&#8243; css=\u00bb.vc_custom_1650975014213{background-position: center !important;background-repeat: no-repeat !important;background-size: cover !important;}\u00bb offset=\u00bbvc_hidden-xs\u00bb][\/vc_column][vc_column width=\u00bb5\/6&#8243; offset=\u00bbvc_col-lg-10&#8243;][vc_empty_space height=\u00bb100px\u00bb][vc_row_inner row_type=\u00bbrow\u00bb type=\u00bbfull_width\u00bb text_align=\u00bbleft\u00bb css_animation=\u00bb\u00bb][vc_column_inner][vc_column_text] Canal de comunicaci\u00f3n [\/vc_column_text][\/vc_column_inner][\/vc_row_inner][vc_row_inner row_type=\u00bbrow\u00bb type=\u00bbfull_width\u00bb text_align=\u00bbleft\u00bb css_animation=\u00bb\u00bb][vc_column_inner el_class=\u00bbcanalComunicacion\u00bb][vc_empty_space height=\u00bb30px\u00bb][vc_column_text]GSC &#8211; CANAL DE DENUNCIAS DE COMISI\u00d3N DE ILICITOS PENALES INFORMACI\u00d3N B\u00c1SICA&#8230;<\/p>\n","protected":false},"author":1,"featured_media":0,"parent":0,"menu_order":0,"comment_status":"closed","ping_status":"closed","template":"","meta":{"footnotes":""},"class_list":["post-3841","page","type-page","status-publish","has-post-thumbnail","hentry"],"a3_pvc":{"activated":false,"total_views":0,"today_views":0},"yoast_head":"<!-- This site is optimized with the Yoast SEO plugin v27.5 - https:\/\/yoast.com\/product\/yoast-seo-wordpress\/ -->\n<title>Formulario Canal de comunicaciones - GSC<\/title>\n<meta name=\"robots\" content=\"index, follow, max-snippet:-1, max-image-preview:large, max-video-preview:-1\" \/>\n<link rel=\"canonical\" href=\"https:\/\/www.gsccanarias.com\/gsc\/formulario-canal-de-comunicaciones\/\" \/>\n<meta property=\"og:locale\" content=\"es_ES\" \/>\n<meta property=\"og:type\" content=\"article\" \/>\n<meta property=\"og:title\" content=\"Formulario Canal de comunicaciones - GSC\" \/>\n<meta property=\"og:description\" content=\"[vc_row css_animation=\u00bb\u00bb row_type=\u00bbrow\u00bb use_row_as_full_screen_section=\u00bbno\u00bb type=\u00bbfull_width\u00bb angled_section=\u00bbno\u00bb text_align=\u00bbleft\u00bb background_image_as_pattern=\u00bbwithout_pattern\u00bb][vc_column width=\u00bb1\/12&#8243; css=\u00bb.vc_custom_1650975014213{background-position: center !important;background-repeat: no-repeat !important;background-size: cover !important;}\u00bb offset=\u00bbvc_hidden-xs\u00bb][\/vc_column][vc_column width=\u00bb5\/6&#8243; offset=\u00bbvc_col-lg-10&#8243;][vc_empty_space height=\u00bb100px\u00bb][vc_row_inner row_type=\u00bbrow\u00bb type=\u00bbfull_width\u00bb text_align=\u00bbleft\u00bb css_animation=\u00bb\u00bb][vc_column_inner][vc_column_text] Canal de comunicaci\u00f3n [\/vc_column_text][\/vc_column_inner][\/vc_row_inner][vc_row_inner row_type=\u00bbrow\u00bb type=\u00bbfull_width\u00bb text_align=\u00bbleft\u00bb css_animation=\u00bb\u00bb][vc_column_inner el_class=\u00bbcanalComunicacion\u00bb][vc_empty_space height=\u00bb30px\u00bb][vc_column_text]GSC &#8211; CANAL DE DENUNCIAS DE COMISI\u00d3N DE ILICITOS PENALES INFORMACI\u00d3N B\u00c1SICA...\" \/>\n<meta property=\"og:url\" content=\"https:\/\/www.gsccanarias.com\/gsc\/formulario-canal-de-comunicaciones\/\" \/>\n<meta property=\"og:site_name\" content=\"GSC\" \/>\n<meta property=\"article:modified_time\" content=\"2026-04-23T07:18:26+00:00\" \/>\n<meta name=\"twitter:card\" content=\"summary_large_image\" \/>\n<meta name=\"twitter:label1\" content=\"Tiempo de lectura\" \/>\n\t<meta name=\"twitter:data1\" content=\"2 minutos\" \/>\n<script type=\"application\/ld+json\" class=\"yoast-schema-graph\">{\"@context\":\"https:\\\/\\\/schema.org\",\"@graph\":[{\"@type\":\"WebPage\",\"@id\":\"https:\\\/\\\/www.gsccanarias.com\\\/gsc\\\/formulario-canal-de-comunicaciones\\\/\",\"url\":\"https:\\\/\\\/www.gsccanarias.com\\\/gsc\\\/formulario-canal-de-comunicaciones\\\/\",\"name\":\"Formulario Canal de comunicaciones - GSC\",\"isPartOf\":{\"@id\":\"https:\\\/\\\/www.gsccanarias.com\\\/gsc\\\/#website\"},\"datePublished\":\"2022-04-26T13:09:21+00:00\",\"dateModified\":\"2026-04-23T07:18:26+00:00\",\"breadcrumb\":{\"@id\":\"https:\\\/\\\/www.gsccanarias.com\\\/gsc\\\/formulario-canal-de-comunicaciones\\\/#breadcrumb\"},\"inLanguage\":\"es\",\"potentialAction\":[{\"@type\":\"ReadAction\",\"target\":[\"https:\\\/\\\/www.gsccanarias.com\\\/gsc\\\/formulario-canal-de-comunicaciones\\\/\"]}]},{\"@type\":\"BreadcrumbList\",\"@id\":\"https:\\\/\\\/www.gsccanarias.com\\\/gsc\\\/formulario-canal-de-comunicaciones\\\/#breadcrumb\",\"itemListElement\":[{\"@type\":\"ListItem\",\"position\":1,\"name\":\"Portada\",\"item\":\"https:\\\/\\\/www.gsccanarias.com\\\/gsc\\\/\"},{\"@type\":\"ListItem\",\"position\":2,\"name\":\"Formulario Canal de comunicaciones\"}]},{\"@type\":\"WebSite\",\"@id\":\"https:\\\/\\\/www.gsccanarias.com\\\/gsc\\\/#website\",\"url\":\"https:\\\/\\\/www.gsccanarias.com\\\/gsc\\\/\",\"name\":\"GSC\",\"description\":\"Administramos servicios relacionados con la salud, las emergencias, la seguridad y el transporte sanitario\",\"potentialAction\":[{\"@type\":\"SearchAction\",\"target\":{\"@type\":\"EntryPoint\",\"urlTemplate\":\"https:\\\/\\\/www.gsccanarias.com\\\/gsc\\\/?s={search_term_string}\"},\"query-input\":{\"@type\":\"PropertyValueSpecification\",\"valueRequired\":true,\"valueName\":\"search_term_string\"}}],\"inLanguage\":\"es\"}]}<\/script>\n<!-- \/ Yoast SEO plugin. -->","yoast_head_json":{"title":"Formulario Canal de comunicaciones - GSC","robots":{"index":"index","follow":"follow","max-snippet":"max-snippet:-1","max-image-preview":"max-image-preview:large","max-video-preview":"max-video-preview:-1"},"canonical":"https:\/\/www.gsccanarias.com\/gsc\/formulario-canal-de-comunicaciones\/","og_locale":"es_ES","og_type":"article","og_title":"Formulario Canal de comunicaciones - GSC","og_description":"[vc_row css_animation=\u00bb\u00bb row_type=\u00bbrow\u00bb use_row_as_full_screen_section=\u00bbno\u00bb type=\u00bbfull_width\u00bb angled_section=\u00bbno\u00bb text_align=\u00bbleft\u00bb background_image_as_pattern=\u00bbwithout_pattern\u00bb][vc_column width=\u00bb1\/12&#8243; css=\u00bb.vc_custom_1650975014213{background-position: center !important;background-repeat: no-repeat !important;background-size: cover !important;}\u00bb offset=\u00bbvc_hidden-xs\u00bb][\/vc_column][vc_column width=\u00bb5\/6&#8243; offset=\u00bbvc_col-lg-10&#8243;][vc_empty_space height=\u00bb100px\u00bb][vc_row_inner row_type=\u00bbrow\u00bb type=\u00bbfull_width\u00bb text_align=\u00bbleft\u00bb css_animation=\u00bb\u00bb][vc_column_inner][vc_column_text] Canal de comunicaci\u00f3n [\/vc_column_text][\/vc_column_inner][\/vc_row_inner][vc_row_inner row_type=\u00bbrow\u00bb type=\u00bbfull_width\u00bb text_align=\u00bbleft\u00bb css_animation=\u00bb\u00bb][vc_column_inner el_class=\u00bbcanalComunicacion\u00bb][vc_empty_space height=\u00bb30px\u00bb][vc_column_text]GSC &#8211; CANAL DE DENUNCIAS DE COMISI\u00d3N DE ILICITOS PENALES INFORMACI\u00d3N B\u00c1SICA...","og_url":"https:\/\/www.gsccanarias.com\/gsc\/formulario-canal-de-comunicaciones\/","og_site_name":"GSC","article_modified_time":"2026-04-23T07:18:26+00:00","twitter_card":"summary_large_image","twitter_misc":{"Tiempo de lectura":"2 minutos"},"schema":{"@context":"https:\/\/schema.org","@graph":[{"@type":"WebPage","@id":"https:\/\/www.gsccanarias.com\/gsc\/formulario-canal-de-comunicaciones\/","url":"https:\/\/www.gsccanarias.com\/gsc\/formulario-canal-de-comunicaciones\/","name":"Formulario Canal de comunicaciones - GSC","isPartOf":{"@id":"https:\/\/www.gsccanarias.com\/gsc\/#website"},"datePublished":"2022-04-26T13:09:21+00:00","dateModified":"2026-04-23T07:18:26+00:00","breadcrumb":{"@id":"https:\/\/www.gsccanarias.com\/gsc\/formulario-canal-de-comunicaciones\/#breadcrumb"},"inLanguage":"es","potentialAction":[{"@type":"ReadAction","target":["https:\/\/www.gsccanarias.com\/gsc\/formulario-canal-de-comunicaciones\/"]}]},{"@type":"BreadcrumbList","@id":"https:\/\/www.gsccanarias.com\/gsc\/formulario-canal-de-comunicaciones\/#breadcrumb","itemListElement":[{"@type":"ListItem","position":1,"name":"Portada","item":"https:\/\/www.gsccanarias.com\/gsc\/"},{"@type":"ListItem","position":2,"name":"Formulario Canal de comunicaciones"}]},{"@type":"WebSite","@id":"https:\/\/www.gsccanarias.com\/gsc\/#website","url":"https:\/\/www.gsccanarias.com\/gsc\/","name":"GSC","description":"Administramos servicios relacionados con la salud, las emergencias, la seguridad y el transporte sanitario","potentialAction":[{"@type":"SearchAction","target":{"@type":"EntryPoint","urlTemplate":"https:\/\/www.gsccanarias.com\/gsc\/?s={search_term_string}"},"query-input":{"@type":"PropertyValueSpecification","valueRequired":true,"valueName":"search_term_string"}}],"inLanguage":"es"}]}},"publishpress_future_workflow_manual_trigger":{"enabledWorkflows":[]},"_links":{"self":[{"href":"https:\/\/www.gsccanarias.com\/gsc\/wp-json\/wp\/v2\/pages\/3841","targetHints":{"allow":["GET"]}}],"collection":[{"href":"https:\/\/www.gsccanarias.com\/gsc\/wp-json\/wp\/v2\/pages"}],"about":[{"href":"https:\/\/www.gsccanarias.com\/gsc\/wp-json\/wp\/v2\/types\/page"}],"author":[{"embeddable":true,"href":"https:\/\/www.gsccanarias.com\/gsc\/wp-json\/wp\/v2\/users\/1"}],"replies":[{"embeddable":true,"href":"https:\/\/www.gsccanarias.com\/gsc\/wp-json\/wp\/v2\/comments?post=3841"}],"version-history":[{"count":8,"href":"https:\/\/www.gsccanarias.com\/gsc\/wp-json\/wp\/v2\/pages\/3841\/revisions"}],"predecessor-version":[{"id":3866,"href":"https:\/\/www.gsccanarias.com\/gsc\/wp-json\/wp\/v2\/pages\/3841\/revisions\/3866"}],"wp:attachment":[{"href":"https:\/\/www.gsccanarias.com\/gsc\/wp-json\/wp\/v2\/media?parent=3841"}],"curies":[{"name":"wp","href":"https:\/\/api.w.org\/{rel}","templated":true}]}}