{"id":265,"date":"2022-01-18T11:43:03","date_gmt":"2022-01-18T11:43:03","guid":{"rendered":"https:\/\/www.gsccanarias.com\/gsc\/?page_id=265"},"modified":"2023-04-24T18:47:06","modified_gmt":"2023-04-24T18:47:06","slug":"cecoes-1-1-2-canarias","status":"publish","type":"page","link":"https:\/\/www.gsccanarias.com\/gsc\/servicios\/cecoes-1-1-2-canarias\/","title":{"rendered":"CECOES 1-1-2 Canarias"},"content":{"rendered":"<p>[vc_row css_animation=\u00bb\u00bb row_type=\u00bbrow\u00bb use_row_as_full_screen_section=\u00bbno\u00bb type=\u00bbfull_width\u00bb angled_section=\u00bbno\u00bb text_align=\u00bbleft\u00bb background_image_as_pattern=\u00bbwithout_pattern\u00bb][vc_column width=\u00bb5\/12&#8243; css=\u00bb.vc_custom_1649076130737{padding-right: 30px !important;padding-left: 30px !important;}\u00bb offset=\u00bbvc_col-lg-3&#8243;][vc_row_inner row_type=\u00bbrow\u00bb type=\u00bbfull_width\u00bb text_align=\u00bbleft\u00bb css_animation=\u00bb\u00bb][vc_column_inner offset=\u00bbvc_hidden-lg vc_hidden-md vc_hidden-xs\u00bb][vc_empty_space height=\u00bb20px\u00bb][\/vc_column_inner][vc_column_inner][vc_empty_space height=\u00bb100px\u00bb][\/vc_column_inner][\/vc_row_inner]<a  itemprop=\"url\" href=\"https:\/\/www.gsccanarias.com\/gsc\/servicios\/cecoes-1-1-2-canarias\/\" target=\"_self\"  class=\"qbutton  big_large_full_width default\" style=\"\">CECOES 1-1-2 Canarias<\/a>[vc_empty_space height=\u00bb10px\u00bb]<a  itemprop=\"url\" href=\"https:\/\/www.gsccanarias.com\/gsc\/servicios\/servicio-de-urgencia-canario\/\" target=\"_self\"  class=\"qbutton  big_large_full_width default\" style=\"\">Servicio de Urgencias Canario<\/a>[vc_empty_space height=\u00bb10px\u00bb]<a  itemprop=\"url\" href=\"https:\/\/www.gsccanarias.com\/gsc\/servicios\/transporte-sanitario-no-urgente\/\" target=\"_self\"  class=\"qbutton  big_large_full_width default\" style=\"\">Transporte Sanitario no Urgente<\/a>[vc_empty_space height=\u00bb10px\u00bb]<a  itemprop=\"url\" href=\"https:\/\/www.gsccanarias.com\/gsc\/servicios\/atencion-a-la-mujer-vvg\/\" target=\"_self\"  class=\"qbutton  big_large_full_width default\" style=\"\">Atenci\u00f3n a la mujer VVG<\/a>[vc_empty_space height=\u00bb10px\u00bb]<a  itemprop=\"url\" href=\"https:\/\/www.gsccanarias.com\/gsc\/servicios\/gestion-servicio\/\" target=\"_self\"  class=\"qbutton  big_large_full_width default\" style=\"\">+ Gesti\u00f3n + Servicios<\/a>[vc_empty_space height=\u00bb40px\u00bb][\/vc_column][vc_column width=\u00bb7\/12&#8243;][vc_row_inner row_type=\u00bbrow\u00bb type=\u00bbfull_width\u00bb text_align=\u00bbleft\u00bb css_animation=\u00bb\u00bb][vc_column_inner offset=\u00bbvc_hidden-xs\u00bb][vc_empty_space height=\u00bb100px\u00bb][\/vc_column_inner][\/vc_row_inner][vc_row_inner row_type=\u00bbrow\u00bb type=\u00bbfull_width\u00bb text_align=\u00bbleft\u00bb css_animation=\u00bb\u00bb][vc_column_inner css=\u00bb.vc_custom_1649076097297{padding-right: 40px !important;padding-left: 40px !important;}\u00bb offset=\u00bbvc_col-lg-6&#8243;][vc_column_text]El Centro Coordinador de Emergencias y Seguridad (CECOES) 1-1-2 del Gobierno de Canarias, dependiente de la Consejer\u00eda de Administraciones P\u00fablicas, Justicia y Seguridad, es un servicio p\u00fablico que naci\u00f3 el 30 de mayo de 1998 para dar respuesta a todas las llamadas de emergencia que se producen en el Archipi\u00e9lago canario.<\/p>\n<p>El 1-1-2 de Canarias es mucho m\u00e1s que un n\u00famero de tel\u00e9fono. Es un centro coordinador desde el que se gestionan los recursos de emergencia que existen en el Archipi\u00e9lago, de tal forma que cualquier alerta, ya sea sanitaria, de seguridad, salvamento, extinci\u00f3n o rescate, recibe una respuesta inmediata e integral.<\/p>\n<p>De esta forma la respuesta es m\u00e1s eficaz y se optimiza la ayuda, ya que en la misma sala est\u00e1n integrados los distintos servicios que forman parte de una emergencia: Servicio de Urgencias Canario (SUC), Cuerpo General de la Polic\u00eda Canaria (CGPC), Grupo de Emergencias y Salvamento (GES), Polic\u00eda Nacional, Guardia Civil, Polic\u00eda Local, Bomberos y el Servicio de Atenci\u00f3n a la Mujer Agredida, adem\u00e1s de enlazar desde el puesto de salvamento y rescate con el Grupo de Emergencias y Seguridad (GES) del Gobierno de Canarias y Salvamento Mar\u00edtimo.[\/vc_column_text][\/vc_column_inner][vc_column_inner css=\u00bb.vc_custom_1649076102944{padding-right: 40px !important;padding-left: 40px !important;}\u00bb offset=\u00bbvc_col-lg-6&#8243;][vc_column_text]Para dar esa respuesta, el CECOES 1-1-2 dispone de dos Salas Operativas, ubicadas en Tenerife y Gran Canaria. Ambas tienen una estructura organizativa y composici\u00f3n id\u00e9nticas y cuentan adem\u00e1s con una plataforma tecnol\u00f3gica que permite atender las llamadas de cualquier punto del Archipi\u00e9lago en cualquiera de las dos Salas Operativas.<\/p>\n<p>La actuaci\u00f3n y trabajo conjunto de un equipo formado por cerca de 200 profesionales entre operadores de demanda, supervisores de demanda, gestores de recursos, gestores operativos y t\u00e9cnicos sectoriales, que bajo la supervisi\u00f3n del coordinador multisectorial garantiza una correcta organizaci\u00f3n para dar respuesta a las demandas y coordinar las actuaciones.<\/p>\n<p>Este equipo multisectorial se encarga del tratamiento integral de la emergencia, al aunar experiencias diversas en los \u00e1mbitos de la polic\u00eda, bomberos, urgencias sanitarias, salvamento mar\u00edtimo, telecomunicaciones y protecci\u00f3n civil. Para ello, los profesionales del CECOES 1-1-2 han recibido formaci\u00f3n espec\u00edfica en el \u00e1rea de las urgencias y las emergencias.[\/vc_column_text][\/vc_column_inner][\/vc_row_inner][vc_empty_space height=\u00bb20px\u00bb][vc_row_inner row_type=\u00bbrow\u00bb type=\u00bbfull_width\u00bb text_align=\u00bbleft\u00bb css_animation=\u00bb\u00bb css=\u00bb.vc_custom_1654862498429{padding-right: 20px !important;padding-left: 20px !important;}\u00bb][vc_column_inner]<a  itemprop=\"url\" href=\"http:\/\/www.112canarias.com\/112\/\" target=\"_blank\"  class=\"qbutton  default\" style=\"\">www.112canarias.com<\/a>[\/vc_column_inner][\/vc_row_inner][vc_empty_space height=\u00bb100px\u00bb][\/vc_column][vc_column width=\u00bb1\/6&#8243; css=\u00bb.vc_custom_1682362023928{background-image: url(https:\/\/www.gsccanarias.com\/gsc\/wp-content\/uploads\/2023\/04\/Gestora-de-recursos-1-1-2-Canarias-8.jpg?id=13280) !important;background-position: 0 0 !important;background-repeat: no-repeat !important;}\u00bb offset=\u00bbvc_hidden-md vc_hidden-sm\u00bb][vc_row_inner row_type=\u00bbrow\u00bb type=\u00bbfull_width\u00bb text_align=\u00bbleft\u00bb css_animation=\u00bb\u00bb][vc_column_inner][vc_empty_space height=\u00bb800px\u00bb][\/vc_column_inner][\/vc_row_inner][\/vc_column][\/vc_row]<\/p>\n<div class=\"print\"><span class=\"page_title\">P\u00e1gina: <span>CECOES 1-1-2 Canarias<\/span><\/span>\n\t\t\t\t\t\t\t\t\t\t\t<span class=\"page_title\">Fecha de impresi\u00f3n: <span>19\/04\/2026 - 08:15:24 UTC<\/span><\/span>\n\t\t\t\t\t\t\t\t\t\t\t<span class=\"stmp_trans_date\">\u00daltima actualizaci\u00f3n: <span>24\/04\/2023 - 18:47:06<\/span><\/span>\n\t\t\t\t\t\t\t\t\t\t\t<span class=\"stmp_trans_date\">Fecha publicaci\u00f3n: <span>18\/01\/2022 - 11:43:03<\/span><\/span>\n\t\t\t\t\t\t\t\t\t\t\t<span class=\"stmp_trans_date\">Fecha creaci\u00f3n: <span>18\/01\/2022 - 11:43:03<\/span><\/span><\/div>\n\t","protected":false},"excerpt":{"rendered":"<p>[vc_row css_animation=\u00bb\u00bb row_type=\u00bbrow\u00bb use_row_as_full_screen_section=\u00bbno\u00bb type=\u00bbfull_width\u00bb angled_section=\u00bbno\u00bb text_align=\u00bbleft\u00bb background_image_as_pattern=\u00bbwithout_pattern\u00bb][vc_column width=\u00bb5\/12&#8243; css=\u00bb.vc_custom_1649076130737{padding-right: 30px !important;padding-left: 30px !important;}\u00bb offset=\u00bbvc_col-lg-3&#8243;][vc_row_inner row_type=\u00bbrow\u00bb type=\u00bbfull_width\u00bb text_align=\u00bbleft\u00bb css_animation=\u00bb\u00bb][vc_column_inner offset=\u00bbvc_hidden-lg vc_hidden-md vc_hidden-xs\u00bb][vc_empty_space height=\u00bb20px\u00bb][\/vc_column_inner][vc_column_inner][vc_empty_space height=\u00bb100px\u00bb][\/vc_column_inner][\/vc_row_inner][vc_empty_space height=\u00bb10px\u00bb][vc_empty_space height=\u00bb10px\u00bb][vc_empty_space height=\u00bb10px\u00bb][vc_empty_space height=\u00bb10px\u00bb][vc_empty_space height=\u00bb40px\u00bb][\/vc_column][vc_column width=\u00bb7\/12&#8243;][vc_row_inner row_type=\u00bbrow\u00bb type=\u00bbfull_width\u00bb text_align=\u00bbleft\u00bb css_animation=\u00bb\u00bb][vc_column_inner offset=\u00bbvc_hidden-xs\u00bb][vc_empty_space height=\u00bb100px\u00bb][\/vc_column_inner][\/vc_row_inner][vc_row_inner row_type=\u00bbrow\u00bb type=\u00bbfull_width\u00bb text_align=\u00bbleft\u00bb css_animation=\u00bb\u00bb][vc_column_inner css=\u00bb.vc_custom_1649076097297{padding-right: 40px !important;padding-left: 40px !important;}\u00bb&#8230;<\/p>\n","protected":false},"author":1,"featured_media":0,"parent":55,"menu_order":0,"comment_status":"closed","ping_status":"closed","template":"full_width.php","meta":{"footnotes":""},"class_list":["post-265","page","type-page","status-publish","has-post-thumbnail","hentry"],"publishpress_future_workflow_manual_trigger":{"enabledWorkflows":[]},"_links":{"self":[{"href":"https:\/\/www.gsccanarias.com\/gsc\/wp-json\/wp\/v2\/pages\/265","targetHints":{"allow":["GET"]}}],"collection":[{"href":"https:\/\/www.gsccanarias.com\/gsc\/wp-json\/wp\/v2\/pages"}],"about":[{"href":"https:\/\/www.gsccanarias.com\/gsc\/wp-json\/wp\/v2\/types\/page"}],"author":[{"embeddable":true,"href":"https:\/\/www.gsccanarias.com\/gsc\/wp-json\/wp\/v2\/users\/1"}],"replies":[{"embeddable":true,"href":"https:\/\/www.gsccanarias.com\/gsc\/wp-json\/wp\/v2\/comments?post=265"}],"version-history":[{"count":37,"href":"https:\/\/www.gsccanarias.com\/gsc\/wp-json\/wp\/v2\/pages\/265\/revisions"}],"predecessor-version":[{"id":13281,"href":"https:\/\/www.gsccanarias.com\/gsc\/wp-json\/wp\/v2\/pages\/265\/revisions\/13281"}],"up":[{"embeddable":true,"href":"https:\/\/www.gsccanarias.com\/gsc\/wp-json\/wp\/v2\/pages\/55"}],"wp:attachment":[{"href":"https:\/\/www.gsccanarias.com\/gsc\/wp-json\/wp\/v2\/media?parent=265"}],"curies":[{"name":"wp","href":"https:\/\/api.w.org\/{rel}","templated":true}]}}