{"id":199,"date":"2022-01-18T10:45:17","date_gmt":"2022-01-18T10:45:17","guid":{"rendered":"https:\/\/www.gsccanarias.com\/gsc\/?page_id=199"},"modified":"2026-04-27T05:56:10","modified_gmt":"2026-04-27T05:56:10","slug":"institucional","status":"publish","type":"page","link":"https:\/\/www.gsccanarias.com\/gsc\/transparencia\/institucional\/","title":{"rendered":"Institucional"},"content":{"rendered":"<p>[vc_row css_animation=\u00bb\u00bb row_type=\u00bbrow\u00bb use_row_as_full_screen_section=\u00bbno\u00bb type=\u00bbgrid\u00bb angled_section=\u00bbno\u00bb text_align=\u00bbleft\u00bb background_image_as_pattern=\u00bbwithout_pattern\u00bb z_index=\u00bb\u00bb][vc_column width=\u00bb1\/3&#8243; offset=\u00bbvc_col-lg-3&#8243;][vc_empty_space height=\u00bb100px\u00bb][vc_column_text][\/vc_column_text][vc_empty_space height=\u00bb50px\u00bb][vc_widget_sidebar sidebar_id=\u00bbMenu transparencia\u00bb][\/vc_column][vc_column width=\u00bb2\/3&#8243; offset=\u00bbvc_col-lg-9&#8243;][vc_row_inner row_type=\u00bbrow\u00bb type=\u00bbfull_width\u00bb text_align=\u00bbleft\u00bb css_animation=\u00bb\u00bb][vc_column_inner offset=\u00bbvc_hidden-xs\u00bb][vc_empty_space height=\u00bb100px\u00bb][\/vc_column_inner][vc_column_inner offset=\u00bbvc_hidden-lg vc_hidden-md vc_hidden-sm\u00bb][vc_empty_space height=\u00bb50px\u00bb][\/vc_column_inner][\/vc_row_inner][vc_column_text]Gesti\u00f3n de Servicios para la Salud y Seguridad en Canarias (GSC) es una empresa p\u00fablica del Gobierno de Canarias, adscrita a la Consejer\u00eda de Administraciones P\u00fablicas, Justicia y Seguridad y de la Consejer\u00eda de Sanidad, que tiene encomendada en su objeto social una amplia gama de actividades, como son las urgencias y el transporte sanitario, la coordinaci\u00f3n de las emergencias, la formaci\u00f3n para la salud y la seguridad p\u00fablica o la gesti\u00f3n econ\u00f3mica y la recaudaci\u00f3n sanitaria. Sus principales marcas de cara al exterior son el Servicio de Urgencias Canario (SUC), el Centro Coordinador de Emergencias y Seguridad (CECOES) 112.<\/p>\n<p>&nbsp;<\/p>\n<h2><b>Objeto social:<\/b><\/h2>\n<p>Tras la modificaci\u00f3n estatutaria de GSC en la que se reconoce expresamente la condici\u00f3n a esta empresa de medio propio personificado de la Administraci\u00f3n P\u00fablica de la Comunidad Aut\u00f3noma de Canarias, se ha procedido a la ampliaci\u00f3n del objeto social, por lo que las actividades de la sociedad que se recogen ahora en el art\u00edculo 2, relativo al objeto social, son las siguientes:<\/p>\n<ul>\n<li>Gestionar, administrar y asesorar centros, servicios y establecimientos de car\u00e1cter sanitario.<\/li>\n<li>Gestionar la facturaci\u00f3n y cobro de los ingresos de \u00f3rganos administrativos, actuando como entidad colaboradora de recaudaci\u00f3n.<\/li>\n<li>Gestionar la adquisici\u00f3n y contrataci\u00f3n de recursos materiales y equipos humanos para la prestaci\u00f3n de servicios sanitarios.<\/li>\n<li>Prestar y colaborar en la asistencia sanitaria de cualquier nivel asistencial.<\/li>\n<li>Coordinaci\u00f3n de todos los niveles asistenciales de la atenci\u00f3n urgente.<\/li>\n<li>Coordinaci\u00f3n de transporte sanitario de urgencias de cualquier tipo.<\/li>\n<li>Formaci\u00f3n en materia de atenci\u00f3n y gesti\u00f3n a la urgencia y emergencia sanitaria, as\u00ed como educaci\u00f3n para la salud.<\/li>\n<li>Concertar con instituciones p\u00fablicas y privadas las actuaciones tendentes a la realizaci\u00f3n de los objetivos de la sociedad.<\/li>\n<li>Crear o participar en otras sociedades e instituciones con actividades relacionadas con las expresadas en los apartados anteriores.<\/li>\n<li>Prestar servicios operativos y de formaci\u00f3n en materia de seguridad p\u00fablica para lo cual podr\u00e1 gestionar centros y establecimientos de naturaleza p\u00fablica o privada, as\u00ed como contratar equipos humanos y recursos materiales.<\/li>\n<li>Planificaci\u00f3n, ordenaci\u00f3n, distribuci\u00f3n y gesti\u00f3n de los servicios prestados por la flota de veh\u00edculos institucionales destinada al traslado de personal y autoridades del Gobierno de Canarias.<\/li>\n<li>Planificaci\u00f3n, coordinaci\u00f3n y gesti\u00f3n de servicios de seguridad, vigilancia y videovigilancia de edificios p\u00fablicos adscritos al Gobierno de Canarias pudiendo contratar equipos humanos y recursos materiales.<\/li>\n<\/ul>\n<p>[\/vc_column_text][vc_empty_space height=\u00bb100px\u00bb][\/vc_column][\/vc_row][vc_row css_animation=\u00bb\u00bb row_type=\u00bbrow\u00bb use_row_as_full_screen_section=\u00bbno\u00bb type=\u00bbgrid\u00bb angled_section=\u00bbno\u00bb text_align=\u00bbleft\u00bb background_image_as_pattern=\u00bbwithout_pattern\u00bb z_index=\u00bb\u00bb css=\u00bb.vc_custom_1642672300971{background-color: #ffffff !important;}\u00bb el_id=\u00bbdatosBasicos\u00bb][vc_column width=\u00bb1\/4&#8243;][\/vc_column][vc_column width=\u00bb3\/4&#8243;][vc_empty_space height=\u00bb100px\u00bb][vc_row_inner row_type=\u00bbrow\u00bb type=\u00bbfull_width\u00bb text_align=\u00bbleft\u00bb css_animation=\u00bb\u00bb][vc_column_inner][vc_column_text]<\/p>\n<h2>Datos b\u00e1sicos<\/h2>\n<p>[\/vc_column_text][vc_empty_space height=\u00bb50px\u00bb][vc_column_text]Sociedad an\u00f3nima unipersonal.<\/p>\n<p><strong>Fecha de constituci\u00f3n y modificaci\u00f3n:<\/strong><\/p>\n<p><strong>Constituci\u00f3n:<\/strong> 30 de septiembre de 1994.<\/p>\n<p><strong>Modificaci\u00f3n de objeto social:<\/strong> 6 de abril de 2021.<\/p>\n<p><strong>Modificaci\u00f3n de la denominaci\u00f3n social (Gesti\u00f3n de Servicios para la Salud y Seguridad en Canarias):<\/strong> 13 de febrero de 2025.<\/p>\n<p><strong>Accionariado:<\/strong> 100% p\u00fablico del Gobierno de Canarias.<\/p>\n<p><strong>Capital Social:<\/strong>\u00a0474.360,81\u20ac euros.[\/vc_column_text][\/vc_column_inner][\/vc_row_inner][vc_empty_space height=\u00bb50px\u00bb][vc_row_inner row_type=\u00bbrow\u00bb type=\u00bbfull_width\u00bb text_align=\u00bbleft\u00bb css_animation=\u00bb\u00bb][vc_column_inner width=\u00bb1\/2&#8243;][vc_column_text]<strong>A\u00f1o 1994 Escritura de Constituci\u00f3n de la empresa.<\/strong>[\/vc_column_text][vc_empty_space height=\u00bb5px\u00bb]<a  itemprop=\"url\" href=\"https:\/\/www.gsccanarias.com\/gsc\/wp-content\/uploads\/2022\/01\/A1994EscrituraConstitucionEmpresa.pdf\" target=\"_blank\" data-hover-background-color='#1c4f86' data-hover-border-color='#1c4f86' data-hover-color='#ffffff' class=\"qbutton  medium default\" style=\"color: #1c4f86; border-color: #1c4f86; background-color: #ffffff;\">Descargar A\u00f1o 1994<i class=\"qode_icon_font_awesome fa fa-download qode_button_icon_element\" style=\"\" ><\/i><\/a>[vc_empty_space height=\u00bb15px\u00bb][vc_column_text]<strong>A\u00f1o 2004 Escritura Refundici\u00f3n Estatutos Sociales.<\/strong>[\/vc_column_text][vc_empty_space height=\u00bb5px\u00bb]<a  itemprop=\"url\" href=\"https:\/\/www.gsccanarias.com\/gsc\/wp-content\/uploads\/2022\/01\/A2004EscrituraRefundicionEstatutosSociales.pdf\" target=\"_blank\" data-hover-background-color='#1c4f86' data-hover-border-color='#1c4f86' data-hover-color='#ffffff' class=\"qbutton  medium default\" style=\"color: #1c4f86; border-color: #1c4f86; background-color: #ffffff;\">Descargar A\u00f1o 2004<i class=\"qode_icon_font_awesome fa fa-download qode_button_icon_element\" style=\"\" ><\/i><\/a>[vc_empty_space height=\u00bb15px\u00bb][vc_column_text]<strong>A\u00f1o 2008 Escritura Modificaci\u00f3n Estatutos Sociales.<\/strong>[\/vc_column_text][vc_empty_space height=\u00bb5px\u00bb]<a  itemprop=\"url\" href=\"https:\/\/www.gsccanarias.com\/gsc\/wp-content\/uploads\/2022\/01\/A2008EscrituraModificacionEstatutosSociales.pdf\" target=\"_blank\" data-hover-background-color='#1c4f86' data-hover-border-color='#1c4f86' data-hover-color='#ffffff' class=\"qbutton  medium default\" style=\"color: #1c4f86; border-color: #1c4f86; background-color: #ffffff;\">Descargar A\u00f1o 2008<i class=\"qode_icon_font_awesome fa fa-download qode_button_icon_element\" style=\"\" ><\/i><\/a>[vc_empty_space height=\u00bb15px\u00bb][\/vc_column_inner][vc_column_inner width=\u00bb1\/2&#8243;][vc_column_text]<strong>A\u00f1o 2012 Escritura Cambio de Domicilio Social.<\/strong>[\/vc_column_text][vc_empty_space height=\u00bb5px\u00bb]<a  itemprop=\"url\" href=\"https:\/\/www.gsccanarias.com\/gsc\/wp-content\/uploads\/2022\/01\/A2012EscrituraCambioDomicilioSocial.pdf\" target=\"_blank\" data-hover-background-color='#1c4f86' data-hover-border-color='#1c4f86' data-hover-color='#ffffff' class=\"qbutton  medium default\" style=\"color: #1c4f86; border-color: #1c4f86; background-color: #ffffff;\">Descargar A\u00f1o 2012<i class=\"qode_icon_font_awesome fa fa-download qode_button_icon_element\" style=\"\" ><\/i><\/a>[vc_empty_space height=\u00bb15px\u00bb][vc_column_text]<strong>A\u00f1o 2015 Escritura Reducci\u00f3n de Capital.<\/strong>[\/vc_column_text][vc_empty_space height=\u00bb5px\u00bb]<a  itemprop=\"url\" href=\"https:\/\/www.gsccanarias.com\/gsc\/wp-content\/uploads\/2022\/01\/A2015EscrituraReduccionCapital.pdf\" target=\"_blank\" data-hover-background-color='#1c4f86' data-hover-border-color='#1c4f86' data-hover-color='#ffffff' class=\"qbutton  medium default\" style=\"color: #1c4f86; border-color: #1c4f86; background-color: #ffffff;\">Descargar A\u00f1o 2015<i class=\"qode_icon_font_awesome fa fa-download qode_button_icon_element\" style=\"\" ><\/i><\/a>[vc_empty_space height=\u00bb15px\u00bb][vc_column_text]<strong>A\u00f1o 2021 Escrituras 1.025 y 2.245 Modificaci\u00f3n Estatutaria Medio Propio.<\/strong>[\/vc_column_text][vc_empty_space height=\u00bb5px\u00bb]<a  itemprop=\"url\" href=\"https:\/\/www.gsccanarias.com\/gsc\/wp-content\/uploads\/2022\/01\/A2021Escritura-no-1.025-y-no-2.245-Modificacio\u0301n-Estatutaria-Medio-Propio.pdf\" target=\"_blank\" data-hover-background-color='#1c4f86' data-hover-border-color='#1c4f86' data-hover-color='#ffffff' class=\"qbutton  medium default\" style=\"color: #1c4f86; border-color: #1c4f86; background-color: #ffffff;\">Descargar A\u00f1o 2021<i class=\"qode_icon_font_awesome fa fa-download qode_button_icon_element\" style=\"\" ><\/i><\/a>[vc_empty_space height=\u00bb15px\u00bb][vc_column_text]<strong>A\u00f1o 2025 Escritura Cambio de Domicilio Social.<\/strong>[\/vc_column_text][vc_empty_space height=\u00bb5px\u00bb]<a  itemprop=\"url\" href=\"https:\/\/www.gsccanarias.com\/gsc\/wp-content\/uploads\/2025\/03\/Escritura_215_Modificacion_Domicilio_Social.pdf\" target=\"_blank\" data-hover-background-color='#1c4f86' data-hover-border-color='#1c4f86' data-hover-color='#ffffff' class=\"qbutton  medium default\" style=\"color: #1c4f86; border-color: #1c4f86; background-color: #ffffff;\">Descargar A\u00f1o 2025<i class=\"qode_icon_font_awesome fa fa-download qode_button_icon_element\" style=\"\" ><\/i><\/a>[\/vc_column_inner][\/vc_row_inner][vc_empty_space height=\u00bb100px\u00bb][\/vc_column][\/vc_row]<\/p>\n<div class=\"print\"><span class=\"page_title\">P\u00e1gina: <span>Institucional<\/span><\/span>\n\t\t\t\t\t\t\t\t\t\t\t<span class=\"page_title\">Fecha de impresi\u00f3n: <span>12\/05\/2026 - 20:54:06 UTC<\/span><\/span>\n\t\t\t\t\t\t\t\t\t\t\t<span class=\"stmp_trans_date\">\u00daltima actualizaci\u00f3n: <span>27\/04\/2026 - 05:56:10<\/span><\/span>\n\t\t\t\t\t\t\t\t\t\t\t<span class=\"stmp_trans_date\">Fecha publicaci\u00f3n: <span>18\/01\/2022 - 10:45:17<\/span><\/span>\n\t\t\t\t\t\t\t\t\t\t\t<span class=\"stmp_trans_date\">Fecha creaci\u00f3n: <span>18\/01\/2022 - 10:45:17<\/span><\/span><\/div>\n\t","protected":false},"excerpt":{"rendered":"<p>[vc_row css_animation=\u00bb\u00bb row_type=\u00bbrow\u00bb use_row_as_full_screen_section=\u00bbno\u00bb type=\u00bbgrid\u00bb angled_section=\u00bbno\u00bb text_align=\u00bbleft\u00bb background_image_as_pattern=\u00bbwithout_pattern\u00bb z_index=\u00bb\u00bb][vc_column width=\u00bb1\/3&#8243; offset=\u00bbvc_col-lg-3&#8243;][vc_empty_space height=\u00bb100px\u00bb][vc_column_text][\/vc_column_text][vc_empty_space height=\u00bb50px\u00bb][vc_widget_sidebar sidebar_id=\u00bbMenu transparencia\u00bb][\/vc_column][vc_column width=\u00bb2\/3&#8243; offset=\u00bbvc_col-lg-9&#8243;][vc_row_inner row_type=\u00bbrow\u00bb type=\u00bbfull_width\u00bb text_align=\u00bbleft\u00bb css_animation=\u00bb\u00bb][vc_column_inner offset=\u00bbvc_hidden-xs\u00bb][vc_empty_space height=\u00bb100px\u00bb][\/vc_column_inner][vc_column_inner offset=\u00bbvc_hidden-lg vc_hidden-md vc_hidden-sm\u00bb][vc_empty_space height=\u00bb50px\u00bb][\/vc_column_inner][\/vc_row_inner][vc_column_text]Gesti\u00f3n de Servicios para la Salud y Seguridad en Canarias (GSC) es una empresa p\u00fablica del Gobierno de Canarias,&#8230;<\/p>\n","protected":false},"author":1,"featured_media":0,"parent":53,"menu_order":0,"comment_status":"closed","ping_status":"closed","template":"full_width.php","meta":{"footnotes":""},"class_list":["post-199","page","type-page","status-publish","has-post-thumbnail","hentry"],"a3_pvc":{"activated":false,"total_views":0,"today_views":0},"yoast_head":"<!-- This site is optimized with the Yoast SEO plugin v27.5 - https:\/\/yoast.com\/product\/yoast-seo-wordpress\/ -->\n<title>Institucional - GSC<\/title>\n<meta name=\"robots\" content=\"index, follow, max-snippet:-1, max-image-preview:large, max-video-preview:-1\" \/>\n<link rel=\"canonical\" href=\"https:\/\/www.gsccanarias.com\/gsc\/transparencia\/institucional\/\" \/>\n<meta property=\"og:locale\" content=\"es_ES\" \/>\n<meta property=\"og:type\" content=\"article\" \/>\n<meta property=\"og:title\" content=\"Institucional - GSC\" \/>\n<meta property=\"og:description\" content=\"[vc_row css_animation=\u00bb\u00bb row_type=\u00bbrow\u00bb use_row_as_full_screen_section=\u00bbno\u00bb type=\u00bbgrid\u00bb angled_section=\u00bbno\u00bb text_align=\u00bbleft\u00bb background_image_as_pattern=\u00bbwithout_pattern\u00bb z_index=\u00bb\u00bb][vc_column width=\u00bb1\/3&#8243; offset=\u00bbvc_col-lg-3&#8243;][vc_empty_space height=\u00bb100px\u00bb][vc_column_text][\/vc_column_text][vc_empty_space height=\u00bb50px\u00bb][vc_widget_sidebar sidebar_id=\u00bbMenu transparencia\u00bb][\/vc_column][vc_column width=\u00bb2\/3&#8243; offset=\u00bbvc_col-lg-9&#8243;][vc_row_inner row_type=\u00bbrow\u00bb type=\u00bbfull_width\u00bb text_align=\u00bbleft\u00bb css_animation=\u00bb\u00bb][vc_column_inner offset=\u00bbvc_hidden-xs\u00bb][vc_empty_space height=\u00bb100px\u00bb][\/vc_column_inner][vc_column_inner offset=\u00bbvc_hidden-lg vc_hidden-md vc_hidden-sm\u00bb][vc_empty_space height=\u00bb50px\u00bb][\/vc_column_inner][\/vc_row_inner][vc_column_text]Gesti\u00f3n de Servicios para la Salud y Seguridad en Canarias (GSC) es una empresa p\u00fablica del Gobierno de Canarias,...\" \/>\n<meta property=\"og:url\" content=\"https:\/\/www.gsccanarias.com\/gsc\/transparencia\/institucional\/\" \/>\n<meta property=\"og:site_name\" content=\"GSC\" \/>\n<meta property=\"article:modified_time\" content=\"2026-04-27T05:56:10+00:00\" \/>\n<meta property=\"og:image\" content=\"https:\/\/www.gsccanarias.com\/gsc\/wp-content\/uploads\/2022\/01\/icono_Institucional.svg\" \/>\n<meta name=\"twitter:card\" content=\"summary_large_image\" \/>\n<meta name=\"twitter:label1\" content=\"Tiempo de lectura\" \/>\n\t<meta name=\"twitter:data1\" content=\"6 minutos\" \/>\n<script type=\"application\/ld+json\" class=\"yoast-schema-graph\">{\"@context\":\"https:\\\/\\\/schema.org\",\"@graph\":[{\"@type\":\"WebPage\",\"@id\":\"https:\\\/\\\/www.gsccanarias.com\\\/gsc\\\/transparencia\\\/institucional\\\/\",\"url\":\"https:\\\/\\\/www.gsccanarias.com\\\/gsc\\\/transparencia\\\/institucional\\\/\",\"name\":\"Institucional - GSC\",\"isPartOf\":{\"@id\":\"https:\\\/\\\/www.gsccanarias.com\\\/gsc\\\/#website\"},\"primaryImageOfPage\":{\"@id\":\"https:\\\/\\\/www.gsccanarias.com\\\/gsc\\\/transparencia\\\/institucional\\\/#primaryimage\"},\"image\":{\"@id\":\"https:\\\/\\\/www.gsccanarias.com\\\/gsc\\\/transparencia\\\/institucional\\\/#primaryimage\"},\"thumbnailUrl\":\"https:\\\/\\\/www.gsccanarias.com\\\/gsc\\\/wp-content\\\/uploads\\\/2022\\\/01\\\/icono_Institucional.svg\",\"datePublished\":\"2022-01-18T10:45:17+00:00\",\"dateModified\":\"2026-04-27T05:56:10+00:00\",\"breadcrumb\":{\"@id\":\"https:\\\/\\\/www.gsccanarias.com\\\/gsc\\\/transparencia\\\/institucional\\\/#breadcrumb\"},\"inLanguage\":\"es\",\"potentialAction\":[{\"@type\":\"ReadAction\",\"target\":[\"https:\\\/\\\/www.gsccanarias.com\\\/gsc\\\/transparencia\\\/institucional\\\/\"]}]},{\"@type\":\"ImageObject\",\"inLanguage\":\"es\",\"@id\":\"https:\\\/\\\/www.gsccanarias.com\\\/gsc\\\/transparencia\\\/institucional\\\/#primaryimage\",\"url\":\"https:\\\/\\\/www.gsccanarias.com\\\/gsc\\\/wp-content\\\/uploads\\\/2022\\\/01\\\/icono_Institucional.svg\",\"contentUrl\":\"https:\\\/\\\/www.gsccanarias.com\\\/gsc\\\/wp-content\\\/uploads\\\/2022\\\/01\\\/icono_Institucional.svg\"},{\"@type\":\"BreadcrumbList\",\"@id\":\"https:\\\/\\\/www.gsccanarias.com\\\/gsc\\\/transparencia\\\/institucional\\\/#breadcrumb\",\"itemListElement\":[{\"@type\":\"ListItem\",\"position\":1,\"name\":\"Portada\",\"item\":\"https:\\\/\\\/www.gsccanarias.com\\\/gsc\\\/\"},{\"@type\":\"ListItem\",\"position\":2,\"name\":\"Transparencia\",\"item\":\"https:\\\/\\\/www.gsccanarias.com\\\/gsc\\\/transparencia\\\/\"},{\"@type\":\"ListItem\",\"position\":3,\"name\":\"Institucional\"}]},{\"@type\":\"WebSite\",\"@id\":\"https:\\\/\\\/www.gsccanarias.com\\\/gsc\\\/#website\",\"url\":\"https:\\\/\\\/www.gsccanarias.com\\\/gsc\\\/\",\"name\":\"GSC\",\"description\":\"Administramos servicios relacionados con la salud, las emergencias, la seguridad y el transporte sanitario\",\"potentialAction\":[{\"@type\":\"SearchAction\",\"target\":{\"@type\":\"EntryPoint\",\"urlTemplate\":\"https:\\\/\\\/www.gsccanarias.com\\\/gsc\\\/?s={search_term_string}\"},\"query-input\":{\"@type\":\"PropertyValueSpecification\",\"valueRequired\":true,\"valueName\":\"search_term_string\"}}],\"inLanguage\":\"es\"}]}<\/script>\n<!-- \/ Yoast SEO plugin. -->","yoast_head_json":{"title":"Institucional - GSC","robots":{"index":"index","follow":"follow","max-snippet":"max-snippet:-1","max-image-preview":"max-image-preview:large","max-video-preview":"max-video-preview:-1"},"canonical":"https:\/\/www.gsccanarias.com\/gsc\/transparencia\/institucional\/","og_locale":"es_ES","og_type":"article","og_title":"Institucional - GSC","og_description":"[vc_row css_animation=\u00bb\u00bb row_type=\u00bbrow\u00bb use_row_as_full_screen_section=\u00bbno\u00bb type=\u00bbgrid\u00bb angled_section=\u00bbno\u00bb text_align=\u00bbleft\u00bb background_image_as_pattern=\u00bbwithout_pattern\u00bb z_index=\u00bb\u00bb][vc_column width=\u00bb1\/3&#8243; offset=\u00bbvc_col-lg-3&#8243;][vc_empty_space height=\u00bb100px\u00bb][vc_column_text][\/vc_column_text][vc_empty_space height=\u00bb50px\u00bb][vc_widget_sidebar sidebar_id=\u00bbMenu transparencia\u00bb][\/vc_column][vc_column width=\u00bb2\/3&#8243; offset=\u00bbvc_col-lg-9&#8243;][vc_row_inner row_type=\u00bbrow\u00bb type=\u00bbfull_width\u00bb text_align=\u00bbleft\u00bb css_animation=\u00bb\u00bb][vc_column_inner offset=\u00bbvc_hidden-xs\u00bb][vc_empty_space height=\u00bb100px\u00bb][\/vc_column_inner][vc_column_inner offset=\u00bbvc_hidden-lg vc_hidden-md vc_hidden-sm\u00bb][vc_empty_space height=\u00bb50px\u00bb][\/vc_column_inner][\/vc_row_inner][vc_column_text]Gesti\u00f3n de Servicios para la Salud y Seguridad en Canarias (GSC) es una empresa p\u00fablica del Gobierno de Canarias,...","og_url":"https:\/\/www.gsccanarias.com\/gsc\/transparencia\/institucional\/","og_site_name":"GSC","article_modified_time":"2026-04-27T05:56:10+00:00","og_image":[{"url":"https:\/\/www.gsccanarias.com\/gsc\/wp-content\/uploads\/2022\/01\/icono_Institucional.svg","type":"","width":"","height":""}],"twitter_card":"summary_large_image","twitter_misc":{"Tiempo de lectura":"6 minutos"},"schema":{"@context":"https:\/\/schema.org","@graph":[{"@type":"WebPage","@id":"https:\/\/www.gsccanarias.com\/gsc\/transparencia\/institucional\/","url":"https:\/\/www.gsccanarias.com\/gsc\/transparencia\/institucional\/","name":"Institucional - GSC","isPartOf":{"@id":"https:\/\/www.gsccanarias.com\/gsc\/#website"},"primaryImageOfPage":{"@id":"https:\/\/www.gsccanarias.com\/gsc\/transparencia\/institucional\/#primaryimage"},"image":{"@id":"https:\/\/www.gsccanarias.com\/gsc\/transparencia\/institucional\/#primaryimage"},"thumbnailUrl":"https:\/\/www.gsccanarias.com\/gsc\/wp-content\/uploads\/2022\/01\/icono_Institucional.svg","datePublished":"2022-01-18T10:45:17+00:00","dateModified":"2026-04-27T05:56:10+00:00","breadcrumb":{"@id":"https:\/\/www.gsccanarias.com\/gsc\/transparencia\/institucional\/#breadcrumb"},"inLanguage":"es","potentialAction":[{"@type":"ReadAction","target":["https:\/\/www.gsccanarias.com\/gsc\/transparencia\/institucional\/"]}]},{"@type":"ImageObject","inLanguage":"es","@id":"https:\/\/www.gsccanarias.com\/gsc\/transparencia\/institucional\/#primaryimage","url":"https:\/\/www.gsccanarias.com\/gsc\/wp-content\/uploads\/2022\/01\/icono_Institucional.svg","contentUrl":"https:\/\/www.gsccanarias.com\/gsc\/wp-content\/uploads\/2022\/01\/icono_Institucional.svg"},{"@type":"BreadcrumbList","@id":"https:\/\/www.gsccanarias.com\/gsc\/transparencia\/institucional\/#breadcrumb","itemListElement":[{"@type":"ListItem","position":1,"name":"Portada","item":"https:\/\/www.gsccanarias.com\/gsc\/"},{"@type":"ListItem","position":2,"name":"Transparencia","item":"https:\/\/www.gsccanarias.com\/gsc\/transparencia\/"},{"@type":"ListItem","position":3,"name":"Institucional"}]},{"@type":"WebSite","@id":"https:\/\/www.gsccanarias.com\/gsc\/#website","url":"https:\/\/www.gsccanarias.com\/gsc\/","name":"GSC","description":"Administramos servicios relacionados con la salud, las emergencias, la seguridad y el transporte sanitario","potentialAction":[{"@type":"SearchAction","target":{"@type":"EntryPoint","urlTemplate":"https:\/\/www.gsccanarias.com\/gsc\/?s={search_term_string}"},"query-input":{"@type":"PropertyValueSpecification","valueRequired":true,"valueName":"search_term_string"}}],"inLanguage":"es"}]}},"publishpress_future_workflow_manual_trigger":{"enabledWorkflows":[]},"_links":{"self":[{"href":"https:\/\/www.gsccanarias.com\/gsc\/wp-json\/wp\/v2\/pages\/199","targetHints":{"allow":["GET"]}}],"collection":[{"href":"https:\/\/www.gsccanarias.com\/gsc\/wp-json\/wp\/v2\/pages"}],"about":[{"href":"https:\/\/www.gsccanarias.com\/gsc\/wp-json\/wp\/v2\/types\/page"}],"author":[{"embeddable":true,"href":"https:\/\/www.gsccanarias.com\/gsc\/wp-json\/wp\/v2\/users\/1"}],"replies":[{"embeddable":true,"href":"https:\/\/www.gsccanarias.com\/gsc\/wp-json\/wp\/v2\/comments?post=199"}],"version-history":[{"count":24,"href":"https:\/\/www.gsccanarias.com\/gsc\/wp-json\/wp\/v2\/pages\/199\/revisions"}],"predecessor-version":[{"id":16466,"href":"https:\/\/www.gsccanarias.com\/gsc\/wp-json\/wp\/v2\/pages\/199\/revisions\/16466"}],"up":[{"embeddable":true,"href":"https:\/\/www.gsccanarias.com\/gsc\/wp-json\/wp\/v2\/pages\/53"}],"wp:attachment":[{"href":"https:\/\/www.gsccanarias.com\/gsc\/wp-json\/wp\/v2\/media?parent=199"}],"curies":[{"name":"wp","href":"https:\/\/api.w.org\/{rel}","templated":true}]}}